00.
2, 5, 181, 205019
List the prime factors of 69883634.
2, 17, 19, 108179
List the prime factors of 121928333.
121928333
What are the prime factors of 32877761?
7, 4696823
List the prime factors of 305583463.
127, 2406169
List the prime factors of 159073829.
53, 113, 26561
What are the prime factors of 1602480465?
3, 5, 1973, 18049
List the prime factors of 42385504.
2, 7, 19, 23, 433
List the prime factors of 2587645915.
5, 41, 12622663
List the prime factors of 2679236493.
3, 19, 263, 313, 571
What are the prime factors of 96574488?
2, 3, 4023937
List the prime factors of 54907700.
2, 5, 739, 743
What are the prime factors of 1537545133?
59, 26060087
What are the prime factors of 72014076?
2, 3, 29, 22993
List the prime factors of 377649769.
7, 601, 89767
What are the prime factors of 1197058782?
2, 3, 23, 8674339
List the prime factors of 18353052.
2, 3, 53, 9619
What are the prime factors of 613057360?
2, 5, 53, 144589
What are the prime factors of 224492617?
9533, 23549
List the prime factors of 646142910.
2, 3, 5, 7, 23, 29, 659
What are the prime factors of 5405308821?
3, 11, 23, 791291
What are the prime factors of 17545961?
17545961
List the prime factors of 5854520824.
2, 103, 7105001
What are the prime factors of 52488575?
5, 2099543
List the prime factors of 168626258.
2, 84313129
What are the prime factors of 527450285?
5, 3301, 31957
What are the prime factors of 17790959?
17, 1046527
List the prime factors of 17138619.
3, 71, 26821
What are the prime factors of 42587942?
2, 21293971
What are the prime factors of 1839495770?
2, 5, 7, 907, 4139
What are the prime factors of 28723340?
2, 5, 29, 49523
List the prime factors of 592537439.
13, 19, 151, 15887
What are the prime factors of 5022707?
19, 264353
What are the prime factors of 4705839958?
2, 97, 24256907
List the prime factors of 118437918.
2, 3, 31, 636763
What are the prime factors of 1842764353?
1842764353
List the prime factors of 2034733594.
2, 23, 44233339
What are the prime factors of 53158962?
2, 3, 8859827
List the prime factors of 581903174.
2, 23, 67, 8209
What are the prime factors of 402008779?
701, 573479
What are the prime factors of 1282163652?
2, 3, 7, 11, 462541
List the prime factors of 88112625.
3, 5, 234967
What are the prime factors of 1529732742?
2, 3, 4481, 56897
List the prime factors of 3651965440.
2, 5, 811, 1759
What are the prime factors of 6882404851?
7, 173, 199, 28559
What are the prime factors of 2130939126?
2, 3, 719, 164653
What are the prime factors of 657239097?
3, 127, 593, 2909
What are the prime factors of 26232620?
2, 5, 41, 31991
What are the prime factors of 437490384?
2, 3, 9114383
List the prime factors of 18739886.
2, 11, 851813
What are the prime factors of 3268676690?
2, 5, 326867669
What are the prime factors of 693709511?
11, 101, 624401
List the prime factors of 1519729757.
7, 13, 181, 269
What are the prime factors of 119831976?
2, 3, 11, 151303
What are the prime factors of 41964602?
2, 17, 1234253
What are the prime factors of 24076864?
2, 7, 223, 241
What are the prime factors of 777559709?
19391, 40099
List the prime factors of 815956800.
2, 3, 5, 169991
What are the prime factors of 227626847?
7, 32518121
List the prime factors of 9469939.
9469939
List the prime factors of 7487055818.
2, 11, 23, 349, 42397
What are the prime factors of 31578266?
2, 19, 47, 17681
List the prime factors of 55019111.
7, 37, 30347
List the prime factors of 228517328.
2, 13, 23, 37, 1291
What are the prime factors of 52413837?
3, 7, 19, 131363
What are the prime factors of 5267568064?
2, 11, 293, 25537
List the prime factors of 1982516625.
3, 5, 17, 23, 4507
What are the prime factors of 282937095?
3, 5, 7, 898213
List the prime factors of 635612337.
3, 17, 23, 180623
What are the prime factors of 120132511?
120132511
List the prime factors of 166543751.
11, 15140341
List the prime factors of 854700812.
2, 7, 113, 270133
List the prime factors of 597979636.
2, 149494909
What are the prime factors of 320829113?
11, 83, 351401
What are the prime factors of 4570108489?
4570108489
List the prime factors of 1421906777.
967, 1470431
List the prime factors of 66952491.
3, 22317497
What are the prime factors of 294398832?
2, 3, 7, 13, 67399
List the prime factors of 5272673991.
3, 13, 47, 2876527
List the prime factors of 1061384201.
53, 61, 233, 1409
List the prime factors of 66854398.
2, 13, 47, 54709
List the prime factors of 691924754.
2, 167, 2071631
What are the prime factors of 88853945?
5, 23, 521, 1483
List the prime factors of 2284475083.
11, 109, 1905317
What are the prime factors of 1804572106?
2, 902286053
List the prime factors of 2428303262.
2, 7, 11, 1433473
List the prime factors of 1076812112.
2, 47, 433, 3307
What are the prime factors of 65118328?
2, 11, 67271
What are the prime factors of 754147569?
3, 7, 35911789
What are the prime factors of 248696959?
7, 223, 159319
List the prime factors of 832661059.
67, 12427777
What are the prime factors of 121690292?
2, 30422573
What are the prime factors of 35979358?
2, 179, 100501
List the prime factors of 85863447.
3, 17, 561199
What are the prime factors of 1520164177?
7, 217166311
What are the prime factors of 146039576?
2, 367, 49741
List the prime factors of 376453588.
2, 7, 809, 16619
List the prime factors of 403565673.
3, 7, 1069, 17977
What are the prime factors of 327619042?
2, 2447, 66943
What are the prime factors of 235220153?
7, 443, 75853
List the prime factors of 1693271434.
2, 17, 49802101
What are the prime factors of 3381630794?
2, 1690815397
What are the prime factors of 27251079?
3, 61, 148913
What are the prime factors of 44879619?
3, 14959873
What are the prime factors of 63786081?
3, 83, 256169
List the prime factors of 402553462.
2, 10463, 19237
List the prime factors of 2475245937.
3, 43, 719, 26687
What are the prime factors of 3500413013?
29, 120703897
What are the prime factors of 4512499357?
127, 35531491
List the prime factors of 6840693986.
2, 7, 488620999
List the prime factors of 644937961.
3067, 210283
What are the prime factors of 31605499?
17, 263, 7069
List the prime factors of 1005801107.
17, 31, 149, 12809
What are the prime factors of 1055365121?
1055365121
What are the prime factors of 55728147?
3, 18576049
List the prime factors of 254455851.
3, 13, 6524509
What are the prime factors of 14827272?
2, 3, 23, 26861
What are the prime factors of 270382665?
3, 5, 7, 2575073
List the prime factors of 129042592.
2, 7, 97, 5939
List the prime factors of 1830209229.
3, 3109, 21803
List the prime factors of 83025982.
2, 13, 245639
List the prime factors of 1797799529.
41, 419, 104651
What are the prime factors of 56510355?
3, 5, 11, 239, 1433
List the prime factors of 691091353.
149, 4638197
List the prime factors of 72008297.
3181, 22637
What are the prime factors of 153785436?
2, 3, 7, 53, 34543
List the prime factors of 25070027.
419, 59833
What are the prime factors of 1243885018?
2, 37, 16809257
What are the prime factors of 112281164?
2, 2917, 9623
List the prime factors of 159817916.
2, 39954479
List the prime factors of 482440262.
2, 37, 6519463
List the prime factors of 161940491.
2887, 56093
What are the prime factors of 26828904?
2, 3, 43, 25997
List the prime factors of 1119738646.
2, 13, 191, 463, 487
List the prime factors of 46724937.
3, 7, 23, 96739
List the prime factors of 37000968.
2, 3, 1541707
What are the prime factors of 11944272?
2, 3, 248839
What are the prime factors of 816275974?
2, 59, 6917593
What are the prime factors of 1384861332?
2, 3, 7507, 15373
List the prime factors of 309121259.
309121259
What are the prime factors of 971844152?
2, 439, 276721
List the prime factors of 335746763.
11, 30522433
What are the prime factors of 50493452?
2, 167, 269, 281
What are the prime factors of 300515067?
3, 4337, 7699
What are the prime factors of 1064057263?
409, 2601607
What are the prime factors of 358755297?
3, 109, 1097111
List the prime factors of 1861439901.
3, 620479967
List the prime factors of 23061808.
2, 7, 11, 18719
List the prime factors of 23602633.
37, 637909
What are the prime factors of 154968320?
2, 5, 13, 67, 139
What are the prime factors of 130869147?
3, 643, 67843
List the prime factors of 24359960.
2